{"id":8,"date":"2018-07-20T16:31:58","date_gmt":"2018-07-20T16:31:58","guid":{"rendered":"https:\/\/flugbegleiter.info\/?page_id=8"},"modified":"2024-12-10T11:16:26","modified_gmt":"2024-12-10T11:16:26","slug":"home","status":"publish","type":"page","link":"https:\/\/flugbegleiter.info\/","title":{"rendered":"Homebase"},"content":{"rendered":"\n<p><\/p>\n\n\n\n<p>Die\u00a0<strong>Flugbegleitung<\/strong>\u00a0ist einer der vielseitigsten und spannendsten T\u00e4tigkeiten, die man in der\u00a0Dienstleistung\u00a0als Beruf w\u00e4hlen kann. Wir sorgen f\u00fcr <strong>Sicherheit<\/strong> und Komfort in 10.000 Meter H\u00f6he.<\/p>\n\n\n\n<figure class=\"wp-block-image aligncenter size-large is-resized is-style-twentytwentyone-image-frame wp-duotone-111111-ffffff-1\"><img loading=\"lazy\" decoding=\"async\" width=\"440\" height=\"1024\" src=\"https:\/\/flugbegleiter.info\/wp-content\/uploads\/2021\/12\/Travelbot-easyjet-Mag-440x1024.jpg\" alt=\"\" class=\"wp-image-58\" style=\"width:185px;height:430px\" srcset=\"https:\/\/flugbegleiter.info\/wp-content\/uploads\/2021\/12\/Travelbot-easyjet-Mag-440x1024.jpg 440w, https:\/\/flugbegleiter.info\/wp-content\/uploads\/2021\/12\/Travelbot-easyjet-Mag-129x300.jpg 129w, https:\/\/flugbegleiter.info\/wp-content\/uploads\/2021\/12\/Travelbot-easyjet-Mag-768x1786.jpg 768w, https:\/\/flugbegleiter.info\/wp-content\/uploads\/2021\/12\/Travelbot-easyjet-Mag-881x2048.jpg 881w, https:\/\/flugbegleiter.info\/wp-content\/uploads\/2021\/12\/Travelbot-easyjet-Mag-scaled.jpg 1101w\" sizes=\"auto, (max-width: 440px) 100vw, 440px\" \/><\/figure>\n\n\n\n<p>Flugsicherheit<\/p>\n\n\n\n<p>Gesundheit<\/p>\n\n\n\n<p>Berufsbild<\/p>\n\n\n\n<p>Smell-Event<\/p>\n\n\n\n<p>EASA FTL<\/p>\n\n\n\n<p><\/p>\n","protected":false},"excerpt":{"rendered":"<p>Die\u00a0Flugbegleitung\u00a0ist einer der vielseitigsten und spannendsten T\u00e4tigkeiten, die man in der\u00a0Dienstleistung\u00a0als Beruf w\u00e4hlen kann. Wir sorgen f\u00fcr Sicherheit und Komfort in 10.000 Meter H\u00f6he. Flugsicherheit Gesundheit Berufsbild Smell-Event EASA FTL<\/p>\n","protected":false},"author":1,"featured_media":0,"parent":0,"menu_order":0,"comment_status":"closed","ping_status":"closed","template":"","meta":{"footnotes":""},"class_list":["post-8","page","type-page","status-publish","hentry"],"_links":{"self":[{"href":"https:\/\/flugbegleiter.info\/index.php\/wp-json\/wp\/v2\/pages\/8","targetHints":{"allow":["GET"]}}],"collection":[{"href":"https:\/\/flugbegleiter.info\/index.php\/wp-json\/wp\/v2\/pages"}],"about":[{"href":"https:\/\/flugbegleiter.info\/index.php\/wp-json\/wp\/v2\/types\/page"}],"author":[{"embeddable":true,"href":"https:\/\/flugbegleiter.info\/index.php\/wp-json\/wp\/v2\/users\/1"}],"replies":[{"embeddable":true,"href":"https:\/\/flugbegleiter.info\/index.php\/wp-json\/wp\/v2\/comments?post=8"}],"version-history":[{"count":7,"href":"https:\/\/flugbegleiter.info\/index.php\/wp-json\/wp\/v2\/pages\/8\/revisions"}],"predecessor-version":[{"id":95,"href":"https:\/\/flugbegleiter.info\/index.php\/wp-json\/wp\/v2\/pages\/8\/revisions\/95"}],"wp:attachment":[{"href":"https:\/\/flugbegleiter.info\/index.php\/wp-json\/wp\/v2\/media?parent=8"}],"curies":[{"name":"wp","href":"https:\/\/api.w.org\/{rel}","templated":true}]}}